git of g(0)?
1
Let u(d) = 5*d - 5*d + 9 - 2 + 3*d**2 - 13*d. What is the tens digit of u(6)?
3
Let o(r) = -r**2 - 5*r + 1. Let g be o(-7). Let y(k) = -5*k + 5*k - 4*k. What is the units digit of y(g)?
2
Let g(w) = -270*w + 77. What is the tens digit of g(-6)?
9
Let s(f) = 4*f**2 - f**2 + 9*f + 5*f**2 - 5*f**2 + 3. Let c be s(-6). Let j = c + -33. What is the units digit of j?
4
Let u(k) = -121*k - 1. What is the hundreds digit of u(-7)?
8
Let y(i) = -10*i**3 - 2*i**2 - 3*i + 2. What is the hundreds digit of y(-3)?
2
Let u be (8 - 2) + -3 - -3. Let c(i) = i**2 - 5*i - 11. Let q be c(u). Let d = q + 11. What is the units digit of d?
6
Let r = 360 + -202. What is the units digit of r?
8
Let b(l) = -18*l**2 + 4*l - 2. Let o be b(2). Let u = o - -137. Suppose -5*y + u = 6. What is the tens digit of y?
1
Let q(i) = -14*i**2 - 13. Let z be -10 + (-5)/(5/3). Let c(r) = -7*r**2 - 6. Let j(a) = z*c(a) + 6*q(a). What is the units digit of j(-3)?
3
What is the thousands digit of ((-74)/3)/(-17 - (-34264)/2016)?
6
Let n(f) = 343*f. What is the hundreds digit of n(1)?
3
Suppose 584 = 51*a - 26344. What is the units digit of a?
8
Let g = 16 + -16. Let t = 12 + g. Let x = t - 11. What is the units digit of x?
1
Let c = 32 + -32. Suppose 0*i - i + 10 = c. What is the units digit of i?
0
Let k(j) = -4*j - 2. Suppose 2*z = -2, 2*z - 2 = w - 0. Let u be (-6)/w*(-28)/6. What is the tens digit of k(u)?
2
Let d(w) = -w + 1. Let h be d(-4). Let i(n) = -14 - h*n + 2 + n + 0. What is the tens digit of i(-14)?
4
Suppose -19*w + 12*w + 21 = 0. Suppose w*q - 324 = 339. What is the units digit of q?
1
Let n(w) = -w + 9. Let k be n(4). Suppose -k*y - a - 4*a + 575 = 0, -472 = -4*y + 2*a. What is the units digit of y?
7
Let t(r) = 28*r**2 - r + 2. Suppose 3*p = -p + 12. Suppose p*y = 5*h - h - 10, 0 = -h + 4*y + 9. What is the tens digit of t(h)?
2
Suppose a + m = 16, 5*a + 0*m - 86 = -2*m. Suppose 6 = -a*h + 21*h. Suppose -111 = -h*w - 29. What is the tens digit of w?
4
Let a(k) = 6*k - 4. Let z(s) = -s. Let n(h) = -3*a(h) - 24*z(h). What is the tens digit of n(6)?
4
Let r be (0 - -1)/(3 - 196/63). Let d(v) = v**3 + 9*v**2 - 20*v + 18. What is the hundreds digit of d(r)?
1
Let h = 495 + -202. What is the hundreds digit of h?
2
Let c be (0 - 3)*(-5)/((-45)/48). What is the hundreds digit of (-62)/(c/80*(-5)/(-2))?
1
Let o = 351 - -24. What is the units digit of o?
5
Let f = -19 + 55. Suppose n - 3*k = f, 5*n = -2*k - k + 162. What is the units digit of n?
3
Let z = -4 + 4. Let w(a) = a**2 - a + 53. What is the units digit of w(z)?
3
Suppose -58*x + 10353 = -41*x. What is the hundreds digit of x?
6
Suppose 0 = -2*i - 3*b + 189, -i + 5*i - 351 = 3*b. Suppose -i = -3*m - 4*l, -5*m + 73 = -2*l - 77. Suppose -12*f + m = -9*f. What is the tens digit of f?
1
Suppose 9 + 11 = -4*d. What is the units digit of (-444)/(-15) - 2/d?
0
Let h(k) = 45*k**3 + 2*k**2 + 8*k - 21. What is the hundreds digit of h(4)?
9
Let c = -2 - 3. Let f = 43 + c. What is the units digit of f?
8
Let l = 10 + -26. Let q(p) = -p**3 - 18*p**2 - 35*p - 9. What is the tens digit of q(l)?
3
Let y(n) be the third derivative of n**6/120 - n**5/10 - 5*n**4/24 - 5*n**3/6 + 10*n**2. Let q be y(7). Suppose q = 7*g - 12. What is the units digit of g?
3
Let i be 93*4/(-6) + -4. Let v = i - -120. Let k = -30 + v. What is the units digit of k?
4
Suppose -2*q + f - 13 = -4*q, 0 = -2*q + f + 23. What is the units digit of 1630/12 + q/54?
6
Let m(a) = -a + 5. Let q be m(6). Let y be -5*(3/5)/q. Suppose -5*t = -4*t - 5*p - 13, -5*p = -y*t + 49. What is the tens digit of t?
1
Let p(f) be the third derivative of -f**6/120 + 3*f**5/10 + f**4/8 + 9*f**2. What is the units digit of p(18)?
4
Let g be 6/(-9) - (-5)/3. Suppose -v = 3*v + 4*s - 4, g = 5*v + 4*s. What is the units digit of v/(-18) + (-298)/(-12)?
5
Suppose 9*w - 8119 = 4688. Suppose -w = -7*h - 191. What is the hundreds digit of h?
1
Let m(d) = -9*d - 4. Let i(h) = h + 5. Let o be i(-10). What is the units digit of m(o)?
1
Suppose 0 = 3*l - 2 - 1. Let b = 3 - l. Suppose 4*s - 6*s + b = 0. What is the units digit of s?
1
Suppose -3*s + 15 = -12. What is the units digit of 116 + (s/(-27))/((-1)/(-9))?
3
Suppose -26*z = 3728 - 16780. What is the tens digit of z?
0
Let b(w) = -167*w + 17. What is the tens digit of b(-3)?
1
Suppose -5*y + 0*f = -3*f - 399, -160 = -2*y + f. Suppose -5*h - y = -8*h. Suppose 0 = -5*p + 3*z + 340, -2*p - 4*z = -109 - h. What is the tens digit of p?
6
Let h = -29 - -27. What is the units digit of (11 - 31)/(24/13 + h)?
0
Let f(p) = p**2 - 7*p - 1. Let t be f(7). What is the tens digit of -51*t/(-3)*-1?
1
Suppose -5*k - 995 = -10*k. Suppose 5*b = k + 81. What is the units digit of b?
6
Let b = -2 - 1. Suppose -3*r = -t - 20, -t + 4 = -2*r + 16. Let s = r + b. What is the units digit of s?
5
Let r(w) = -w + 47. Let v be r(44). Let j = 179 - 51. Suppose -v*b - o = -206, 2*o = -2*b - o + j. What is the units digit of b?
0
Suppose 186 = -6*r + 42. What is the hundreds digit of (3/(18/r))/((-6)/399)?
2
Suppose 2502 + 2797 = t + 5*y, -5*t + 26541 = 2*y. What is the thousands digit of t?
5
Let q(f) = f**2. Let c(o) = 6*o**2 - 12*o + 9. Let v(z) = -c(z) + 4*q(z). Let i be v(8). Let h = i + 64. What is the tens digit of h?
2
Let w = -18 + 21. Suppose -w*q - 2*v + 205 = 0, -20 = -2*q - 2*v + 120. What is the tens digit of q?
6
Let d(l) = l**2 - 4*l + 4. Let f be (0*1/2)/1. Suppose 4*j - 2*i = 22, -j + 4*i + 32 - 9 = f. What is the units digit of d(j)?
1
Let z be (-8 + 7)/(2/(-2)). Let p(t) = 158*t**2 - t + 2. What is the tens digit of p(z)?
5
Let k(f) = 11*f - 17. Let m be k(-6). Let x = m - -99. What is the units digit of x?
6
Let t = 591 - 340. What is the hundreds digit of t?
2
Suppose 6 = -z + m - 6*m, 2*z = 2*m + 12. Suppose -369 = -z*j + 119. What is the units digit of j?
2
Let d(n) = -19*n - 1. Suppose -u + 13 = 3*i, -4*u = -0*i + 5*i - 17. What is the tens digit of d(u)?
3
Let j(f) = -8*f - 19 + f**3 + 21*f**2 - 9*f**3 + 7*f**3. What is the tens digit of j(20)?
2
Let i(j) = -3*j + 17. Let n be i(12). Let y = n + 11. What is the tens digit of 6 + -2 + y - -19?
1
Suppose d - 7164 = -2*d. Suppose -d = -4*h - 8*h. What is the tens digit of h?
9
Let j(s) = -s**3 - 40*s**2 - 2*s - 119. What is the tens digit of j(-41)?
4
Let s = 71 + 35. What is the tens digit of s?
0
Let o = 2075 + -1469. What is the units digit of o?
6
Let w = 9 + -6. Suppose -t + 7 = w*k, -6*t - k = -t - 7. What is the units digit of t?
1
Suppose 2*h - t = 2, -4*h + 0*h - t + 10 = 0. Let v(f) = -f**3 + 5*f**h - f - 39 - 2*f + 44. What is the units digit of v(4)?
9
Suppose -51*m = -52*m + z + 178, -2*z = m - 187. What is the units digit of m?
1
Let k(z) = z**3 + 6*z**2 - 5*z + 17. Let h be k(-7). Suppose 0*q + 84 = h*q. What is the units digit of q?
8
Suppose 2*g + 21 = 31. Suppose 0 = 5*d - g*p, 5 = -4*d + 5*p + 1. What is the units digit of d?
4
Suppose -5*h + 13 = -v, 4*v + h - 18 = 2*v. Suppose 4*m + v*b = 2*b + 167, -m + 47 = -4*b. Let l = -29 + m. What is the tens digit of l?
1
Let t(s) = s**2 + 2*s + 83. Let i be t(0). What is the units digit of i - 2*(-4)/8?
4
Let t = -8 + 4. Let q = t - -9. Suppose 0 = q*k + i - 73, -2*k + 5*i + 4 = -9. What is the tens digit of k?
1
Suppose -6*d + 4*d = -1200. What is the tens digit of d?
0
Let s(h) = -41*h + 168. What is the tens digit of s(-7)?
5
Let g(c) = c**2 - 2*c. Let m be g(3). Let w = m + 2. Suppose -w*n - 35 = -2*r, -4*n - 40 = -4*r - 0*r. What is the units digit of r?
5
Let x(q) = -q**3 + 21*q**2 + 6. What is the units digit of x(21)?
6
Let c = -13 - -23. Let y = -9 + c. Let i = y - -25. What is the units digit of i?
6
Let a be 7/((-4)/(4 + -8)). Let v = 23 - a. What is the units digit of v?
6
Let z be 1*2*25/10. Suppose 0 = -l + 6 - z. What is the units digit of (-21)/(-2) + l/2?
1
Let m = -812 + 579. Let p = m - -391. What is the units digit of p?
8
Suppose n - 55 + 11 = 0. Suppose 0 = x - 0*x + 11. Let t = x + n. What is the tens digit of t?
3
Let k be 1 + 0 + 23 - -1. Let w = 5 - 6. Let u = w + k. What is the units digit of u?
4
Suppose -t - 4*j - j + 228 = 0, -4 = -j. What is the tens digit of t?
0
Let s = 21 + -25. Let m(a) = -18*a - 5. What is the tens digit of m(s)?
6
Let q(z) = 33*z**3 + z**2 - 12*z + 28. What is the ten